{"id":129,"date":"2026-01-31T09:01:48","date_gmt":"2026-01-31T09:01:48","guid":{"rendered":"https:\/\/nguyenvantien.id.vn\/?post_type=product&#038;p=129"},"modified":"2026-01-31T09:03:52","modified_gmt":"2026-01-31T09:03:52","slug":"tom-hum-alaska-nho","status":"publish","type":"product","link":"https:\/\/nguyenvantien.id.vn\/index.php\/product\/tom-hum-alaska-nho\/","title":{"rendered":"T\u00f4m H\u00f9m Alaska Nh\u1ecf"},"content":{"rendered":"<p class=\"product__detail--sku\"><strong>M\u00e3 SP:<\/strong>\u00a01070002<\/p>\n<div class=\"product__detail--short--des\">\n<p><strong><span data-offset-key=\"165oc-0-0\">T\u00f4m h\u00f9m Alaska\u00a0<\/span><\/strong>c\u00f2n g\u1ecdi l\u00e0\u00a0<strong><span data-offset-key=\"165oc-0-0\">T\u00f4m h\u00f9m Canada<\/span><\/strong><\/p>\n<p><strong>Quy c\u00e1ch<\/strong>: size 450g-550g\/con<\/p>\n<p><strong>T\u00ecnh tr\u1ea1ng<\/strong>: Giao s\u1ed1ng t\u1eadn n\u01a1i<\/p>\n<p><strong>Xu\u1ea5t X\u1ee9:<\/strong>\u00a0Canada<\/p>\n<p><strong><span data-offset-key=\"165oc-0-0\">Cam K\u1ebft:<\/span><\/strong>\u00a0Ch\u00ednh s\u00e1ch\u00a0<em><a href=\"https:\/\/daohaisan.vn\/blogs\/chinh-sach\/chinh-sach-cam-ket-chat-luong-tom-hum-alaska?_ga=2.5329011.1711490151.1602470106-342565229.1581320314\" target=\"_blank\" rel=\"noopener\">cam k\u1ebft ch\u1ea5t l\u01b0\u1ee3ng<\/a>,<\/em>\u00a0\u0110\u1ea3m b\u1ea3o VSATTP, nh\u1eadp kh\u1ea9u ch\u00ednh ng\u1ea1ch, gi\u1ea5y t\u1edd ki\u1ec3m \u0111\u1ecbnh<em>\u00a0(<strong><a href=\"https:\/\/file.hstatic.net\/1000030244\/file\/tom_hum_da_che_59cfe7762a80423c9ba5cbaf7068de00.pdf\">xem chi ti\u1ebft<\/a><\/strong>)<\/em><\/p>\n<p><strong>(*) T\u00f4m h\u00f9m Alaska c\u00f3 th\u1ec3 s\u1ed1ng kh\u1ecfe \u0111\u01b0\u1ee3c t\u1eeb 4-6 ti\u1ebfng k\u1ec3 t\u1eeb l\u00fac giao h\u00e0ng<\/strong><\/p>\n<p>&nbsp;<\/p>\n<\/div>\n<div id=\"price-preview\" class=\"product__detail--price\">\n<p><span class=\"price has-discount\">570,000\u0111<\/span>\u00a0<del>745,000\u0111<\/del><span class=\"product__detail--price--sale\">-23%<\/span><\/p>\n<p class=\"weight\">Quy C\u00e1ch: 1 Con<\/p>\n<\/div>\n<form id=\"add-item-form\" action=\"https:\/\/daohaisan.vn\/cart\/add\" method=\"post\">\n<div class=\"select clearfix\">\n<div class=\"selector-wrapper\"><label>Ch\u1ecdn<\/label><select id=\"product-select-option-0\" class=\"single-option-selector\" data-option=\"option1\"><option value=\"1 Con\">1 Con<\/option><option value=\"Combo 2 Con\">Combo 2 Con<\/option><option value=\"Combo 3 Con\">Combo 3 Con<\/option><\/select><span class=\"selector-title selector-1 active\">1 Con<img decoding=\"async\" src=\"https:\/\/file.hstatic.net\/1000030244\/file\/selected-variant-indicator_221b339025144a68b741f7aff2b029a9.svg\" alt=\"selected\" \/><\/span><span class=\"selector-title selector-1\">Combo 2 Con<\/span><span class=\"selector-title selector-1\">Combo 3 Con<\/span><\/div>\n<p><select id=\"product-select\" name=\"id\" data-maxpro=\"false\"><option value=\"1084252703\" data-sku=\"1070002\" data-max=\"\" data-title=\"1 Con\" data-price=\"570000\u0111\">1 Con &#8211; 570,000\u0111<\/option><option value=\"1084064006\" data-sku=\"1070055\" data-max=\"\" data-title=\"Combo 2 Con\" data-price=\"1129000\u0111\">Combo 2 Con &#8211; 1,129,000\u0111<\/option><option value=\"1104780746\" data-sku=\"1070011\" data-max=\"\" data-title=\"Combo 3 Con\" data-price=\"1690000\u0111\">Combo 3 Con &#8211; 1,690,000\u0111<\/option><\/select><\/p>\n<\/div>\n<div class=\"product__detail--quantity d-flex align-items-center\">\n<p>S\u1ed1 l\u01b0\u1ee3ng:<\/p>\n<div class=\"quantity_wrap\"><span class=\"btn_quan btn_minus\">&#8211;<\/span><input id=\"quantity\" class=\"quantity\" title=\"S\u1ed1 l\u01b0\u1ee3ng\" min=\"1\" name=\"quantity\" readonly=\"readonly\" type=\"number\" value=\"1\" \/><span class=\"btn_quan btn_plus\">+<\/span><\/div>\n<\/div>\n<div class=\"hrv-pmo-coupon\" data-hrvpmo-layout=\"minimum\"><\/div>\n<div class=\"selector-buyxgety\"><\/div>\n<div class=\"box-promotion\">\n<div class=\"box-title\">\n<p class=\"box-title__title\">\u00a0Khuy\u1ebfn M\u00e3i<\/p>\n<\/div>\n<div class=\"box-content e\">\n<div class=\"promotion_text product-promo\">\ud83c\udf81\u00a0<strong>MUA NHI\u00ca\u0300U GIA\u0309M NHI\u00ca\u0300U<\/strong>\u00a0Mua Ho\u0301a \u0110\u01a1n 500K \u0110\u01b0\u01a1\u0323c Mua Ha\u0309i Sa\u0309n Ng\u00e2m T\u01b0\u01a1ng V\u01a1\u0301i Gia\u0301 \u01afu \u0110a\u0303i Chi\u0309 T\u01b0\u0300 59K<br \/>\n\u23f0\u00a0<strong>\u00c1p d\u1ee5ng\u00a0<\/strong>\u0111\u1ebfn h\u1ebft ng\u00e0y 28\/2\/2026<\/div>\n<\/div>\n<\/div>\n<\/form>\n","protected":false},"excerpt":{"rendered":"<p>M\u00e3 SP:\u00a01070002 T\u00f4m h\u00f9m Alaska\u00a0c\u00f2n g\u1ecdi l\u00e0\u00a0T\u00f4m h\u00f9m Canada Quy c\u00e1ch: size 450g-550g\/con T\u00ecnh tr\u1ea1ng: Giao s\u1ed1ng t\u1eadn n\u01a1i Xu\u1ea5t X\u1ee9:\u00a0Canada Cam K\u1ebft:\u00a0Ch\u00ednh s\u00e1ch\u00a0cam k\u1ebft ch\u1ea5t l\u01b0\u1ee3ng,\u00a0\u0110\u1ea3m b\u1ea3o VSATTP, nh\u1eadp<\/p>\n","protected":false},"featured_media":130,"comment_status":"open","ping_status":"closed","template":"","meta":[],"product_brand":[],"product_cat":[27,25],"product_tag":[],"class_list":{"0":"post-129","1":"product","2":"type-product","3":"status-publish","6":"product_cat-hai-san-nhap-khau","7":"product_cat-tom-cac-loai","9":"first","10":"instock","11":"sale","12":"shipping-taxable","13":"purchasable","14":"product-type-simple"},"jetpack_sharing_enabled":true,"_links":{"self":[{"href":"https:\/\/nguyenvantien.id.vn\/index.php\/wp-json\/wp\/v2\/product\/129","targetHints":{"allow":["GET"]}}],"collection":[{"href":"https:\/\/nguyenvantien.id.vn\/index.php\/wp-json\/wp\/v2\/product"}],"about":[{"href":"https:\/\/nguyenvantien.id.vn\/index.php\/wp-json\/wp\/v2\/types\/product"}],"replies":[{"embeddable":true,"href":"https:\/\/nguyenvantien.id.vn\/index.php\/wp-json\/wp\/v2\/comments?post=129"}],"wp:featuredmedia":[{"embeddable":true,"href":"https:\/\/nguyenvantien.id.vn\/index.php\/wp-json\/wp\/v2\/media\/130"}],"wp:attachment":[{"href":"https:\/\/nguyenvantien.id.vn\/index.php\/wp-json\/wp\/v2\/media?parent=129"}],"wp:term":[{"taxonomy":"product_brand","embeddable":true,"href":"https:\/\/nguyenvantien.id.vn\/index.php\/wp-json\/wp\/v2\/product_brand?post=129"},{"taxonomy":"product_cat","embeddable":true,"href":"https:\/\/nguyenvantien.id.vn\/index.php\/wp-json\/wp\/v2\/product_cat?post=129"},{"taxonomy":"product_tag","embeddable":true,"href":"https:\/\/nguyenvantien.id.vn\/index.php\/wp-json\/wp\/v2\/product_tag?post=129"}],"curies":[{"name":"wp","href":"https:\/\/api.w.org\/{rel}","templated":true}]}}